0 + n**4/24 + 11*n**3/3 + 37*n**2. Let r(y) be the second derivative of v(y). Give r(-2).
-13
Let o(n) be the third derivative of -n**8/20160 + n**6/180 + n**5/15 - 3*n**2. Let l(b) be the third derivative of o(b). What is l(-3)?
-5
Let h(b) = 13*b - 248. Let u be h(19). Let p(a) = 58*a**2 + a + 1. Give p(u).
58
Suppose 8*h - 4 - 20 = 0. Let d(m) = h*m**2 - 8*m + 4 - 4*m**2 - m**2 + m**2. Determine d(-6).
16
Let w(z) = z + 10. Let d be w(-8). Let x(a) = -4*a + 18*a**2 - 2*a - 39*a**d + 22*a**2 + 2. Determine x(4).
-6
Let b(j) = -j - 1. Let o(i) = -i**3 - 93*i**2 + i + 3*i + 90*i**2. Let q be o(-4). Determine b(q).
-1
Suppose 7*i - 3*i - 4*l = 32, 0 = -2*i - l + 4. Suppose 4*v - 6 = 2*t - 2, -3*v + 3 = t. Let s(n) = 4*n**2 - n**3 - 2*n + v + 0*n**3 + 2. What is s(i)?
-5
Let r(f) = f**2 - 2*f. Let h be r(3). Let t(i) = -14*i**2 + 2*i - 3. Let p(b) = 17*b**2 - 3*b + 4. Let o(z) = 5*p(z) + 6*t(z). Determine o(h).
2
Let m(r) = -4*r - 9. Let h(q) = 11*q + 19. Let j(c) = -3*h(c) - 7*m(c). Give j(7).
-29
Let h be (-2 + (-9)/(-6))*0. Suppose -7*c + 6*c - 2 = h. Let f(x) = -x**2 - 2*x - 3. Give f(c).
-3
Let k(w) = -w**2 - 4. Suppose -5 = 2*r + 3. Let b be r*(-2 + 25/20). What is k(b)?
-13
Let m be (9/(72/(-16)))/((-2)/9). Let z(c) = -c - 8. Calculate z(m).
-17
Let j(o) = -o + 2*o + 4*o**2 + 4 + 3*o**2 - 6*o**2. Let w(a) = a**3 + 10*a**2. Suppose 50 = -3*l - 2*l. Let s be w(l). Give j(s).
4
Let i(j) = j - 1. Let a(h) = h**3 + h**2 - h - 25. Let f(q) = a(q) + 2*i(q). Determine f(0).
-27
Let h be (1/2 - 136/16) + 0. Let r(l) = l**2 + 10*l + 10. Give r(h).
-6
Let b(f) = -5*f**3 - 8*f**2 + 7*f + 14. Let t(p) = 9*p**3 + 16*p**2 - 14*p - 27. Let a(h) = 11*b(h) + 6*t(h). Let g = -37 + 43. Calculate a(g).
22
Let f(u) = -2*u - 6. Let j(a) = -a**2 - 17*a + 111. Let o be j(5). Give f(o).
-8
Let f(i) = -8*i**2 - 1. Let x = -694 + 695. Give f(x).
-9
Suppose -5*h + 27 = t + 2*t, 5*t = -h + 23. Suppose -2*n + 3*c + 2 = -2, t*n + 4*c = -32. Let q(x) = -x**3 - 5*x**2 - 5*x - 5. Give q(n).
-1
Let n(b) = -14*b + 78*b**2 + 71*b**2 - 9 - 148*b**2. What is n(11)?
-42
Let q be (-3)/((-1)/16*3). Suppose -q = -6*l + 2*l. Suppose 2*f + 2*f - 5*i = -32, 0 = -2*f + l*i - 22. Let x(v) = -v**2 - v + 4. Calculate x(f).
-2
Let i(z) = z + 9. Let a be i(-4). Suppose -t + a*v = -3*t + 41, v - 5 = 0. Suppose -b = -0*b + 4*m - 12, b + 2*m = t. Let l(x) = 2*x - 6. Determine l(b).
2
Let l be (-13)/5 - (-26)/(-65). Let w(k) = -3*k + 1. What is w(l)?
10
Suppose -5*g - 27 = -m, m = 2*g + 6*m. Let f(p) = 4*p**3 - 4*p**2 - p - 1. Let h(d) = -3*d**3 + 4*d**2 + 2. Let w(l) = 4*f(l) + 5*h(l). Calculate w(g).
1
Let a = -17 + 12. Let u(d) = 2351*d**2 - 5 + 2 - 4*d - 2352*d**2. Give u(a).
-8
Let x(z) = -z**2 + 12*z - 15. Suppose 44 = 4*a + 2*n - n, 3*n + 38 = 5*a. Let o be x(a). Let g(h) = -1 + 3 + 5*h - h**2 - 3. Determine g(o).
-1
Let r(n) = -n**3 - 8*n**2 - 6*n + 5. Let b be ((7/2)/(5/(-10)))/1. What is r(b)?
-2
Let v = 39 - 35. Suppose v*l - 7*l = -18. Let b(z) = -9*z**3 + 3*z**2 + z + 8. Let y(t) = 4*t**3 - 2*t**2 - t - 4. Let f(k) = 3*b(k) + 7*y(k). Determine f(l).
8
Let r(j) = -j + 3. Let s(q) = 10*q - 16. Let i be s(2). Determine r(i).
-1
Let m = 22 - 19. Suppose -100 + 0 = -5*d. Suppose -m*q - q = -d. Let t(r) = r**3 - 5*r**2 + 2*r - 7. Give t(q).
3
Suppose 26*i - 19*i + 21 = 0. Let l(y) = -y**3 - 3*y**2 - 3*y + 1. Calculate l(i).
10
Let w(c) = 7*c**2 - 1. Let l be -3 - (-88)/((-4)/(-1)). Suppose -3*n - l = -5*o, 2 = -5*o - 5*n + n. Suppose -o*q + y - 4 = 0, -2 + 6 = 2*y. Determine w(q).
6
Let g = -220 + 218. Let t(f) = 27*f + 1. Calculate t(g).
-53
Let n(j) = -3*j - 6*j + 4*j + 2*j. Calculate n(1).
-3
Let g(a) be the third derivative of -a**4/24 + 7*a**3/2 + 132*a**2. Give g(26).
-5
Let g(k) be the second derivative of 0 - 9*k + 1/6*k**3 - 3/2*k**2. Let m be (-4 - -2)/(2/3). Calculate g(m).
-6
Suppose 4*j - 5*x = 3, -3*x = j - 3*j + 1. Suppose 6 = 5*u - j*r - 0*r, -3*u + 9 = -3*r. Let m(f) = -f**3 - f**2 + f + 6. Calculate m(u).
6
Let l(h) = -5*h**2 + h + 2. Let t = -6 - -3. Let d(y) = y**2 - 7. Let z be d(t). Give l(z).
-16
Let f = 3 + 0. Let c be f*1/3 + 1. Let q(g) = -4 + 4*g**2 - 6*g - 2*g**c - 3*g**2. Give q(-6).
-4
Let j(f) = 23 + 6*f - 49 + 27. Calculate j(-1).
-5
Let w be (-42)/(-54)*9 + 2/(-2). Let f(n) = n**3 - 4*n**2 - 14*n - 5. Determine f(w).
-17
Let o(a) be the second derivative of -a**3/6 + 7*a**2 + 5*a. Let c(b) = 2*b**2 - 43*b - 21. Let r be c(22). Suppose -z = 1 - r. What is o(z)?
14
Let w(y) = -y**3 + 4*y**2 - 5*y + 1. Suppose a + 19 = 6*a - 3*u, -2*u = -4*a + 14. Determine w(a).
-1
Let o(g) = 2*g + 2 + 0 + 0. Let s(z) = 4*z**2 + 7*z + 6. Let y be s(-1). Suppose y*k + 0*k + 8 = -u, -4 = 4*k. What is o(u)?
-8
Let j(d) = -2*d - 7. Let u(n) = 3*n + 2. Let h be u(-1). Let p(k) = 1 + 0 - 4 + 2. Let v(t) = h*j(t) + 2*p(t). Determine v(-4).
-3
Let u(i) = -2*i**2 + 5*i**3 - i**3 - 4*i**2 + 3*i**3 - 5*i - 8*i**3 + 2. Give u(-6).
32
Let h(w) = 4*w - 541635 + w**3 + 541614 - 16*w**2 + 13*w. Give h(15).
9
Suppose -41 = 4*x + 4*v - 1, 27 = -3*x - 2*v. Let z(l) = l**2 + 10*l + 15. What is z(x)?
-6
Let f = 11 - 9. Suppose 0 = -3*b - f - 1. Let y(g) = -2200 - 11*g + 2200. Give y(b).
11
Let i(u) be the second derivative of u**4/12 + 5*u**3/2 - 17*u**2 - 181*u. Determine i(-17).
0
Let c(m) = -m**2 + 8*m - 2. Let w be (1 - (5 + (-5 - -3))) + 12. Determine c(w).
-22
Let a(y) = 2*y - 2. Let j be 147/(-14)*4/(-6). Suppose -3*t = -2*t - 10. Suppose n - 7 = -p, p - 5*n + j = -t. Give a(p).
4
Let g(w) = 24*w**3 + 2*w**2 - 1. Let f(c) = -23*c + 1. Let x be f(-3). Let b = -71 + x. Give g(b).
-23
Suppose -6*d = -5*d - 2. Let g(o) = 7 - 4*o**d - o - o - 7 - o**3 - 3. Determine g(-3).
-6
Let o(k) be the third derivative of -5/24*k**4 - 1/60*k**5 + 1/120*k**6 + 0 + 0*k - 21*k**2 + 1/3*k**3. Give o(3).
5
Let c(o) = 7*o + 21. Let p(u) = -5. Let i(j) = c(j) + 4*p(j). What is i(-1)?
-6
Let r(o) = -o**2 + 6*o - 7. Let q be r(6). Let p(a) = a - 4. Let n(b) = -b + 3. Let v = -73 - -76. Let l(c) = v*p(c) + 4*n(c). What is l(q)?
7
Suppose k - 4*k + 54 = 0. Let l(w) = k*w - 9*w - 8*w - 6. Suppose -5*b + b = 0. Determine l(b).
-6
Let s(z) = z**2 - 6*z - 11. Let l be s(12). Let w = -58 + l. Let t(u) = -u + 4. Calculate t(w).
1
Let m(d) = 4*d - 7. Let u = 608 - 605. Calculate m(u).
5
Let h(w) = -w**2 - 6*w. Let d(z) = 3*z**3 - 8*z**2 - 5*z + 7. Let a(o) = -4*o**3 + 8*o**2 + 5*o - 7. Let u(v) = 4*a(v) + 5*d(v). Let x be u(-7). Calculate h(x).
-7
Let x = -20 - -14. Let v(q) = -60 + 61 + q**3 - 5*q**3 + q + 3*q**3 - 6*q**2. Calculate v(x).
-5
Let r(q) = 20*q**2 + 10*q - 8. Let v(s) = 7*s**2 + 3*s - 3. Let k(c) = 6*r(c) - 17*v(c). Determine k(-7).
-11
Let b(z) = z**2 + z - 3. Let n be b(-4). Let f(l) = -l**3 + 8*l**2 + 12*l + 5. What is f(n)?
32
Let t(l) = -7*l**3 - 3*l**2 - 5*l - 11. Let h(m) = 13*m**3 + 7*m**2 + 11*m + 22. Let u(q) = -6*h(q) - 11*t(q). Calculate u(-8).
13
Let k(g) be the second derivative of g**3/6 + g**2/2 + 22*g. Let p(v) = -v**2 + v + 10. Let b(q) = 6*k(q) - p(q). What is b(-5)?
-4
Suppose -v + 4*v - 13 = o, -19 = -4*v + 3*o. Let r(d) be the third derivative of d**4/24 - d**3/6 - 933*d**2. Determine r(v).
3
Suppose 216 = -39*r + 12*r. Let l(m) = -m**3 - 7*m**2 + 2*m - 5. Calculate l(r).
43
Let j(f) be the third derivative of f**6/120 - f**5/15 + 5*f**4/24 - f**3/3 - 20*f**2. Suppose 0 = 4*u - 13 + 1. Suppose -12 = -3*q - u. Give j(q).
4
Let z(n) be the second derivative of 0 + 1/180*n**6 - 1/6*n**3 + 1/12*n**4 - 7*n + 0*n**2 + 1/120*n**5. Let p(a) be the second derivative of z(a). Give p(-2).
8
Let x = 4 + -1. Let k = -249 - -251. Let p(r) = 5*r - r**x + 10*r - 5*r**2 - 19*r - k. What is p(-4)?
-2
Let h = 102 + -98. Let j(v) = v**2 - v + 1. Let y(f) = -4*f**2 + 5*f + 3. Let c(a) = 2*j(a) + y(a). What is c(h)?
-15
Let c(d) = -3*d. Let l(g) = 2*g**2 - 3*g - 3. Let n be l(3). Suppose 37*h + n = 39*h. Give c(h).
-9
Let p = -95 - -97. Let w(j) be the third derivative of -j**4/24 + j**3/3 - 28*j**2. What is w(p)?
0
Suppose 5*t - 19 + 4 = 0. Let k(u) = -2*u - 8. Let w(v) = 4*v + 15. Let j(y) = -2*y**2 + 29*y - 9. Let b be j(14). Let s(h) = b*k(h) + t*w(h). What is s(-4)?
-3
Let q(f) be the second derivative of f**4/12 + 2*f**3/3 + 3*f**2/2 + 39*f. Let c be 6/4*(-4 - 6). Let v = c - -11. Calculate q(v).